ctor of 456 and 2246712.
456
What is the highest common factor of 217627 and 1132?
283
Calculate the highest common factor of 21 and 1761963.
21
Calculate the greatest common factor of 68206 and 6298.
134
Calculate the greatest common divisor of 10494 and 682.
22
Calculate the greatest common factor of 30618 and 1449.
63
Calculate the greatest common factor of 17000 and 3370.
10
Calculate the greatest common divisor of 172 and 557882.
86
What is the highest common divisor of 118 and 46?
2
Calculate the greatest common divisor of 24798 and 138.
6
Calculate the greatest common divisor of 138096 and 658.
14
What is the greatest common factor of 100154 and 34?
2
What is the greatest common divisor of 1242 and 9423?
27
Calculate the highest common divisor of 90 and 2230.
10
Calculate the greatest common factor of 556857 and 63.
63
Calculate the greatest common divisor of 328 and 1620238.
82
What is the highest common factor of 151187 and 62?
31
What is the highest common factor of 921465 and 36?
9
What is the greatest common factor of 50 and 144650?
50
Calculate the highest common factor of 14155 and 475.
95
What is the highest common divisor of 350740 and 715?
65
What is the highest common factor of 37142 and 1813?
49
What is the greatest common factor of 4064 and 28064?
32
What is the highest common divisor of 11688 and 121750?
974
What is the greatest common divisor of 5961526 and 51?
17
Calculate the greatest common factor of 77 and 29579.
11
Calculate the greatest common divisor of 2816862 and 1268.
634
Calculate the highest common factor of 1494 and 26206254.
1494
Calculate the highest common factor of 1824 and 560766.
114
What is the highest common divisor of 200 and 57275?
25
Calculate the highest common divisor of 713 and 15469.
31
Calculate the greatest common divisor of 215 and 1051565.
215
Calculate the greatest common divisor of 3612 and 350.
14
What is the greatest common divisor of 13752 and 1728?
72
What is the greatest common factor of 14692 and 166?
2
What is the greatest common factor of 494 and 81666?
26
What is the highest common factor of 13485 and 2480?
155
Calculate the greatest common factor of 18020 and 43860.
340
What is the highest common divisor of 10899 and 346?
173
Calculate the highest common divisor of 7696 and 14456.
104
Calculate the highest common divisor of 41 and 1818637.
41
Calculate the highest common divisor of 24603 and 31506.
177
Calculate the highest common divisor of 194034 and 438.
438
What is the highest common factor of 345 and 15?
15
What is the highest common divisor of 85194 and 1908?
18
Calculate the greatest common divisor of 360 and 43080.
120
Calculate the greatest common divisor of 2825246 and 74.
74
Calculate the greatest common factor of 589 and 78413.
19
What is the greatest common factor of 6968 and 27456?
104
What is the greatest common factor of 104 and 55256?
8
What is the greatest common divisor of 15494 and 854?
122
What is the greatest common factor of 76 and 11384?
4
Calculate the highest common factor of 433586 and 47282.
1006
What is the highest common factor of 733577 and 146?
73
Calculate the highest common divisor of 294 and 82047.
21
Calculate the greatest common divisor of 1195 and 56882.
239
What is the greatest common divisor of 20418 and 27962?
82
Calculate the highest common divisor of 9 and 171711.
9
What is the highest common divisor of 9 and 225297?
9
What is the greatest common factor of 42 and 7829402?
14
What is the highest common factor of 1036640 and 160?
160
Calculate the highest common factor of 36 and 192732.
12
Calculate the highest common factor of 121979 and 33.
11
Calculate the highest common divisor of 73598 and 4802.
98
Calculate the greatest common divisor of 85085 and 1155.
385
What is the highest common factor of 2280 and 52212?
228
What is the greatest common factor of 15183 and 259?
7
What is the greatest common factor of 908 and 822421?
227
What is the greatest common factor of 273 and 16737?
21
What is the greatest common factor of 3344 and 54032?
176
What is the highest common factor of 30 and 273120?
30
What is the greatest common factor of 615 and 742715?
205
Calculate the greatest common divisor of 988 and 236.
4
Calculate the greatest common divisor of 1192 and 66816.
8
Calculate the greatest common divisor of 388 and 66251.
97
What is the greatest common divisor of 5 and 85395?
5
Calculate the greatest common factor of 2723 and 119.
7
Calculate the greatest common divisor of 20595 and 30.
15
Calculate the highest common divisor of 37593 and 27.
9
What is the greatest common divisor of 10 and 547585?
5
What is the highest common factor of 118144 and 71?
71
What is the highest common divisor of 37 and 248381?
37
What is the highest common factor of 1705 and 1457?
31
What is the greatest common factor of 16740 and 92628?
1116
What is the highest common divisor of 14364 and 8968?
76
What is the greatest common divisor of 106 and 623333?
53
What is the highest common divisor of 1512 and 336096?
216
What is the greatest common divisor of 134 and 2546?
134
Calculate the highest common factor of 26 and 778.
2
What is the highest common factor of 30 and 81150?
30
What is the highest common factor of 11850 and 24?
6
Calculate the greatest common factor of 1190 and 3110.
10
What is the greatest common divisor of 260 and 29198520?
260
Calculate the highest common factor of 108 and 28.
4
What is the greatest common divisor of 2765646 and 265?
53
Calculate the highest common factor of 188016 and 2208.
48
What is the highest common divisor of 123432 and 139?
139
What is the greatest common factor of 207 and 450?
9
Calculate the greatest common divisor of 336220 and 20.
20
Calculate the greatest common factor of 4242 and 212302.
202
What is the greatest common factor of 28775 and 50?
25
What is the greatest common divisor of 13843 and 1744?
109
Calculate the highest common factor of 836005 and 915.
305
Calculate the greatest common factor of 27 and 18561.
3
Calculate the highest common divisor of 53560 and 7640.
40
What is the highest common divisor of 140 and 2342018?
14
What is the highest common factor of 49 and 16387?
7
What is the greatest common divisor of 288741 and 2071?
109
Calculate the highest common divisor of 8339 and 6725.
269
What is the highest common divisor of 185618 and 2?
2
What is the highest common factor of 4750 and 375?
125
What is the greatest common divisor of 3058 and 19008?
22
Calculate the highest common divisor of 1122 and 1518.
66
What is the highest common factor of 2118216 and 12?
12
What is the highest common factor of 71882 and 4826?
254
Calculate the highest common factor of 11212 and 28.
4
What is the highest common factor of 48 and 131736?
24
What is the greatest common divisor of 20 and 34790?
10
Calculate the highest common divisor of 17 and 127670.
17
Calculate the highest common divisor of 5529 and 1026.
57
Calculate the highest common factor of 71806 and 92.
46
Calculate the highest common factor of 155 and 8339.
31
What is the highest common divisor of 18998 and 472?
118
What is the highest common factor of 50965 and 5?
5
What is the highest common factor of 28825 and 7225?
25
Calculate the highest common divisor of 190992 and 186.
6
What is the greatest common divisor of 17204 and 10028?
92
Calculate the highest common factor of 8 and 38822.
2
What is the greatest common factor of 51727 and 780403?
2249
Calculate the greatest common factor of 31900 and 2668.
116
Calculate the highest common divisor of 9126 and 1746.
18
What is the greatest common divisor of 10401 and 267?
3
Calculate the highest common divisor of 436 and 256.
4
What is the greatest common factor of 3341 and 871?
13
What is the highest common factor of 821583 and 46?
23
What is the highest common factor of 477649 and 17?
17
Calculate the greatest common factor of 13077 and 171.
9
What is the highest common divisor of 52092 and 108?
36
Calculate the highest common factor of 4 and 1226.
2
Calculate the greatest common factor of 36568 and 64.
8
Calculate the highest common factor of 456 and 115824.
456
Calculate the highest common divisor of 1367292 and 29.
29
What is the highest common factor of 72 and 7326?
18
What is the greatest common factor